-14
Evaluate -25 + 44 + -45 + (8 - -2).
-16
What is -25 - (-26 - 42) - 48?
-5
Evaluate 19 - (3 + 8 + (-9 - 5)) - 4.
18
Calculate -23 - (-2 - 2 - (14 + -7)).
-12
Calculate (-4 - -10) + (14 - (-5 - 6)).
31
Evaluate 7 - -8 - (8 + -7 - -4).
10
Calculate 2 - ((1 + -2 - 0) + (28 - 8)).
-17
What is the value of (-18 + 7 - -8) + -11 + 2?
-12
What is 0 + -25 - (-21 - (-13 + (5 - 17)))?
-29
What is the value of -1 + ((-7 - -5) + 2 - 6)?
-7
5 + 0 + (-88 - -84) - (-5 - 4)
10
Calculate -1 + (-2 - -4 - (16 - 20)).
5
Calculate -46 + 89 + -34 - (-1 - 5).
15
Calculate (7 + -3 - 7) + -6 + 5 - -14.
10
Evaluate (-18 - -4 - -1) + (-1 - 3).
-17
Calculate 6 + -1 - ((23 - 54) + 45).
-9
What is -7 + 2 + -3 + 3 + -5 + 2?
-8
Evaluate -9 + 0 + 15 + (-2 - 9).
-5
What is -11 - ((-3 - (1 - -6)) + -4)?
3
What is (0 + -32 - -35) + 0 + -2 + -4?
-3
Calculate (-12 - 0 - (2 + -6 + -4)) + -3.
-7
Evaluate -11 + (-70 - -67 - ((-2 - 3) + 2)).
-11
What is the value of (12 - 10) + -6 + (-7 - (0 + -7))?
-4
What is 12 - (17 + -5) - (24 + -3)?
-21
Calculate 0 + -4 - ((-7 - (2 - 5)) + 9).
-9
Calculate (-756 - -762) + (-1 - 25).
-20
Calculate 1 + -15 - (36 - 55).
5
What is the value of -1 - (22 - -1) - (1 - (9 + -2))?
-18
What is the value of -46 + 37 - (3 + -3 + -4)?
-5
What is the value of -6 - (-32 - -36 - (9 + 1))?
0
What is the value of 2 + -9 + (5 - 11 - -13)?
0
-147 + 123 + 9 + -1
-16
Evaluate -30 - (-3 + -19) - (4 + -9).
-3
What is the value of 62 - 42 - (-2 + 25)?
-3
What is the value of 2 - ((14 - (6 - -13)) + -10)?
17
What is the value of (1 - (4 - 6)) + (28 - 52)?
-21
What is -3 + 2 + -11 + 0 - (-499 - -506)?
-19
What is the value of (72 - 46) + (6 - (1 - (7 + -3)))?
35
What is the value of 0 + 0 + (5 - 8 - -3) + -2?
-2
What is the value of 9 - (-3 + -3) - 3?
12
Calculate 5 - (-1 - ((22 - 11) + -12)).
5
What is 15 - (11 + -6) - 17?
-7
What is 3 + 1 + (-16 + 11 - (1 - 1))?
-1
Calculate 113 + -108 - (2 - -10).
-7
What is (-1 - -8) + (17 - 1) + 243 + -255?
11
What is the value of (-32 - -3) + -61 + 97?
7
-13 + (1 - 2) + -858 + 847
-25
3 + -4 - (14 + -1)
-14
Calculate 30 + 26 + -47 - 12.
-3
Calculate -16 + (9 - ((45 - 32) + (-1 - 2))).
-17
Calculate 1 - (-1 + (-3 - -1) + (5 - 8)).
7
Calculate (0 - (-32 + 17)) + -7 + -17.
-9
Evaluate -1 + -6 + (-7 - -8) - (10 + -46).
30
What is 103 - 104 - (-1 - 1) - -10?
11
What is 16 + 17 + -53 + -3?
-23
-21 + -3 - (-69 - -60)
-15
Evaluate -99 - -133 - (27 - 2).
9
What is -13 + (16 - (3 - -10)) - (-3 - 5)?
-2
Calculate -7 - (9 - (6 + (10 - -1))).
1
-12 - ((-28 - -14 - -8) + -20)
14
(8 - (4 - -6)) + -12 + 7
-7
What is -12 + 1 + 1 + 13 + -12?
-9
Evaluate (-1 + (8 - (8 - 7)) - 7) + 11.
10
What is the value of 9 - (-5 + (3 + -10 - -15) + 2)?
4
What is the value of 10 - (2 + -3 + -3 - (3 + -3))?
14
What is 17 + -5 + 13 + -9 + -38?
-22
Evaluate (-1 - 6) + 6 + -3 + 8 - 7.
-3
Calculate -15 + (20 - -4) - 21.
-12
What is 2 + (-6 + 0 - (-25 - -19))?
2
What is -2 + (-1 - (-11 - 8) - 6) + 9?
19
8 - (16 + -9) - (18 + -6)
-11
-21 - (1 + (3 - -5) + -6 + -7)
-17
What is the value of 3 + -1 - 8 - (101 - 92)?
-15
What is the value of (20 + (12 - 30) - (1 - 2)) + -8?
-5
Calculate -8 + (7 - 3) + 5 + -4.
-3
What is -64 + (-34 - -4) + 65?
-29
Calculate -12 - (-1 + (10 - 6)).
-15
What is (28 - 32 - (1 + 1)) + -9?
-15
What is the value of 16 - (-1 - 1 - -21)?
-3
What is 7 + (6 + 20 + -7 - (1 - 1))?
26
What is the value of -13 - -2 - (-7 + 1 - -19 - 53)?
29
What is the value of 1 + 8 - 0 - (-5 + 4 + -2)?
12
Calculate 12 + (1 - (-10 - -8)) - 9.
6
Evaluate -15 - 1 - ((-4 - -10) + 2 + -9).
-15
1 - -9 - (-63 - -75)
-2
Calculate 28 + -32 + (-21 - -28).
3
What is the value of 230 - 231 - (14 - 1)?
-14
What is the value of -7 - (5 - (26 + -21 - (7 - 1)))?
-13
What is the value of (-132 - -95) + 11 + -2?
-28
Calculate 10 + (-15 - (-6 - -2)) + 18.
17
Evaluate (0 - -17) + 1505 + -1504.
18
What is -5 - (9 + (-11 + 9 - (-2 - 2)))?
-16
-1 - 14 - (-9 + 18 + -33)
9
Evaluate (2 - (-17 - (-1 + 2 - 10))) + 16.
26
What is the value of -130 + 134 - ((4 - -15) + (2 - 0))?
-17
Evaluate 24 - (22 + -32) - 62.
-28
What is (-1 - 4) + -1 + (9 - 5) - -5?
3
What is the value of 6 + -3 + -11 + (12 - 4)?
0
Calculate -33 + (-19 - 0 - -46).
-6
Evaluate -10 - -2 - (29 + (27 - 59)).
-5
-52 + 46 + -8 - (-2 + -18)
6
What is (-15 + 20 - 1) + -18?
-14
Evaluate 0 + 0 + 17 - (9 - (-17 + 27)).
18
Evaluate (-3 - (17 - 2) - 2) + (41 - 35).
-14
Evaluate (-7 - 1) + 9 + (42 - 45).
-2
What is (-1 - (34 + -15)) + 20 - (6 - 1)?
-5
What is the value of 35 + -56 + 21 - -9?
9
-7 + -3 + 4 + -2
-8
What is 32 - ((74 - 29) + -23)?
10
Evaluate 12 + (5 + -2 - -4) - (15 + -7).
11
What is the value of (7 - (20 + 7)) + (1 - -2) + 0?
-17
Evaluate 18 - (25 + (-14 - -11)).
-4
-45 - (-12 - -14) - -70
23
What is the value of -26 - (-104 - -35) - 9?
34
Evaluate 0 - -2 - (-3 + 4 - 6) - -6.
13
Evaluate 26 + -45 + (-1 - -17).
-3
Evaluate 1 + (-19 - (-14 + (12 - 14))).
-2
What is the value of -7 - (-8 - -14) - -19?
6
Evaluate (3 + -1 - -1) + (3 - 22) + 14.
-2
5 + (0 - -1) + -3 + -12
-9
(2 - -1) + -2 + -6 + 5
0
13 + -26 + 23 + -2
8
What is -32 + 8 + -41 - -30?
-35
-23 + (13 - (7 + -8 + -1))
-8
What is the value of (0 - -20) + -32 + 5 + 19?
12
What is the value of 8 + 5 + -1 + -3?
9
What is the value of -9 + 14 - (24 + -1 + -10)?
-8
What is -1 + 17 - (1 + 5 + (8 - 11))?
13
What is 21 + -1 + (-783 - -775)?
12
(4 - 28) + 21 - 22
-25
What is the value of (-35 - -3 - -6) + (5 + 1 - 1)?
-21
Calculate (-8 - (2 + -8 + 0)) + -4.
-6
What is the value of -14 + -5 + 1 + 12?
-6
Calculate 44 + -9 + -12 - 9.
14
Evaluate -1 + 15 + -8 + -7 + 3.
2
Calculate -1 + 9 + (9 - 20) + (-3 - 0).
-6
-22 - (2 - (33 + -17 - (8 + 1)))
-17
What is the value of -1 + -10 + 8 - 3?
-6
-12 + (14 + 0 - (-102 - -139))
-35
Evaluate (2 - (0 - -3) - -9) + 329 + -359.
-22
Calculate 12 + -11 + -2 - -14 - 6.
7
What is the value of 212 - 196 - (6 + -7)?
17
What is -8 - (-11 + -9) - (-4 + -1)?
17
Evaluate 18 - (-3 + (-8 - -30)).
-1
What is 1 + -28 + 16 - -7?
-4
45 - (6 + 8 + 3 + -3)
31
2 - ((-12 - -7 - (-12 - -6)) + 13)
-12
(-9 - (1 + -8)) + 10 + -27
-19
Calculate (8 - (-3 - -8)) + -9 + 2 - 0.
-4
19 - (-5 - -8) - 17
-1
Evaluate -8 + (9 + -28 - -1).
-26
What is -5 + 0 - (60 - 78)?
13
-2 - (-35 - 1 - (15 + -38 + 20))
31
Evaluate (0 - 8) + (-15 - -9).
-14
(33 - 9) + (6 - (11 - 5 - 1))
25
Evaluate 5 - (1 + 0 + 10).
-6
Calculate (-1142 - -1112) + 0 + 21.
-9
What is the value of 23 + -41 + (-2 - 0) + -8?
-28
What is the value of -52 - -57 - (-4 - -1 - -2)?
6
What is 0 - (25 + -15 + 6 + 5 + -5)?
-16
What is the value of (11 - -1 - (9 - 18)) + -7?
14
Calculate -5 - (4 + -4 - (3 - 10)).
-12
Evaluate 13 + 25 + (24 - 51).
11
Calculate (-124 - -132) + (4 + -2 - 35).
-25
What is the value of 19 + ((6 - 5) + -8 + 1 - 1)?
12
Evaluate 28 + -3 - (59 - 51) - -1.
18
What is the value of -5 + 5 + 4 + (-11 - -13)?
6
2 - (-1 - (-8 + 0 + 9))
4
Calculate -10 - -13 - (-6 + (-9 - -6)).
12
What is -202 + 209 + -2 + -3?
2
What is -11 + 5 + (0 - (-6 - 1))?
1
Evaluate (-6 - 3 - -18) + -9 - (-6 - 3).
9
What is -33 - -31 - (9 - (3 - 4))?
-12
What is the value of 5 + (-4 - -5) + -1 - (5 + 4)?
-4
Evaluate -5 + -1 + -1 + 12.
5
Evaluate -65 + 53 + 7 - (-17 + 0 + 0).
12
Calculate -7 + (-6 - 7) + (1 - 3).
-22
Calculate -12 + (-7 - -23) + -6 + -20.
-22
Evaluate -21 + (16 - 3) - (0 + 4 - 20).
8
Calculate (-6 - -21) + -27 - (25 - (5 - 4)).
-36
Evaluate -42 - (-49 + 28 - 2).
-19
Calculate (-108 - -117) + 1 + -1.
9
Evaluate 8 + -22 + 18 + -19.
-15
Evaluate 1 - -14 - (-416 + 447).
-16
Evaluate -12 - (-31 - (-18 - -2)).
3
Evaluate (0 - -3) + -6 + (1 - -7).
5
Evaluate 15 + -6 + -5 + (-1 - 4) + 11.
10
Evaluate -21 - ((0 - 17) + 7).
-11
What is the value of (-3 - (-7 + 9 - -1)) + 4?
-2
Evaluate (27 - 15 - 0) + -12.
0
(-9 - (5 - 8)) + 14 + -5 + -6
-3
(7 - 8) + -4 + 2 + 7 + -8
-4
What is the value of 6 + (-6 - 2) + 5 - -9?
12
What is the value of (3 + -9 - -12) + -2 + -1?
3
What is the value of (2 - (4 + 4)) + 12 + -4?
2
What is -15 + -1 - (-192 - -183)?
-7
What is 0 + (0 - 3) + 7 - (5 + -7)?
6
-6 - (-2 - -9 - 7) - -11
5
Evaluate -40 + 89 + -9 + 2 + -13.
29
Calculate 28 + -1 + 27 + -37 - -5.
22
Evaluate -30 + 12 + 6 + 4.
-8
Evaluate (-753 - -783) + (-5 + 5 - (-3 + 1)).
32
What is 19 - (-13 + 13 + 2 - -6)?
11
(-5 - -2) + 0 - -5 - 2
0
Ev